 -13) - (-16 + 16 - -8).
-13
Evaluate (2 - (1 - (-29 - -1))) + (307 - (-367 + 668)).
-21
Calculate 15 + (-7 - (-15 - (-50 + (14 - 30)))).
-43
What is the value of -1 + -7 - (-12 + (2 - 57 - -2 - -10))?
47
What is (-9 - 4) + 16 + -18 + 31 - 10?
6
Evaluate -22 + -1 - (52 + -98 + -86) - -11.
120
Evaluate -26 - 62 - ((-5 - -4) + 1).
-88
Calculate -6 + -105 + (-26 - -14) + (-8 - 1) + 22.
-110
What is the value of -20 + 171 + 38 + -51 + (2 - 18)?
122
What is the value of 86 + (-105 - 16) - -2?
-33
Calculate 7 - (-5 - -22) - ((-51 - -16) + 30).
-5
(-108 + 6 - 1) + -30 + 22
-111
63 - (258 + -108) - -126
39
Calculate 14 + -44 + -37 - -73.
6
2 - (2 + -42 + 28 - (-10 - 1) - -68)
-65
Evaluate (-11 + 9 - -7) + -1 + (-2 - -9 - 41).
-30
(0 - (-2 - -7 - (47 - 38))) + 16
20
-488 + 488 - (3 - -2) - (4 - (3 + 9))
3
What is 1164 - 1184 - (0 + (3 - 1))?
-22
Evaluate (1 - 0) + -87 - (9773 + -9772).
-87
What is the value of 25 + (-27 - (-10 - -19 - 18))?
7
(205 + -96 - 71) + -2 + 0
36
Calculate -13 + 17 + 0 + -10 - 19.
-25
Calculate 9 - (-15 + (-31 + -11 - -16)).
50
Calculate 51 + (-16 - -11 - -4).
50
-12 + -35 + (62 - -43)
58
Evaluate -14 - (7 + 35) - -12.
-44
What is -19 + (9 - 0 - 24 - (-16 - 6))?
-12
What is 469 + -425 + 8 + -3?
49
Evaluate (-455 + 484 - (17 + 1)) + -46.
-35
Calculate -1 + -42 + (-73 - -161).
45
-14 - (-19 + 21 - -12)
-28
Calculate (-42 - -5) + 4 - (-719 + 620).
66
What is the value of -2 + -1 + -5 - (91 - 50 - 14)?
-35
What is the value of 10 - (8 - 9 - -22) - 5?
-16
What is the value of 18 + -117 - (115 + -100)?
-114
What is (-12 - -3) + (15 - 15) + (0 - -66) - 4?
53
What is -44 + 80 - -49 - 56?
29
What is (31 - 1) + -61 + (-105 - -171)?
35
What is the value of -137 + (0 - -2) - (19174 + -19207)?
-102
What is 44 + (20 + (-14 - -1) - 20)?
31
What is the value of -1 - (1 + 3) - (1354 - 1339)?
-20
Evaluate (-15 - (-18 + (-3 - 5))) + 1 + 34 - -8.
54
Evaluate (-6 - (21 - 3)) + 0 + (-623 - -620).
-27
Evaluate (42 - (37 + 0)) + 45.
50
What is (-16 - (-31 - (19 + -27))) + 14 + -3 + -2?
16
Calculate -196 + 193 + -13 + -1 + (-11 - -24).
-4
What is the value of (92 + -76 - -14) + (-90 - 12)?
-72
Calculate (-3504 - -3445) + 84 + 1.
26
What is the value of -757 + 941 - (11 + 97)?
76
What is -134 - 7 - (1345 + -1386)?
-100
Evaluate (38 + -22 - 30) + (1 - -13).
0
What is the value of 6 - (3 - (11 + -15)) - (-5 + 91 + 17)?
-104
Calculate -44 - ((-4 - 16) + 55 + -45).
-34
What is -1 - (4 + -18 - (1 - -3 - 80))?
-63
What is 516 + -466 - (-4 - -4)?
50
What is -9 + (7 - (-9 - -1 - -17)) + 70?
59
What is the value of -27 - (18 + (-15 - 1) - -19)?
-48
What is the value of (84 - (-39 - -145)) + 120?
98
What is the value of -1 - -6 - (-19237 - -19229)?
13
Evaluate -56 + (8 - 6 - -4) + 7 + -1 + -3.
-47
-133 + -71 + 175 - (-21 - 1)
-7
Calculate (-11 - (16 - (-1 + 21)) - 16) + 33.
10
Evaluate 9 + -15 - -6 - -12 - 22 - -5.
-5
Evaluate 44 - (6 + 2 - (-13 - (-14 - 4 - -8))).
33
What is the value of -63 + -23 + (28 - 15)?
-73
Evaluate (-14 - -2) + 2 + 0 + 3181 + -3212.
-41
-1 - ((-1 - -18) + -6) - (-82 - (-39 - 2))
29
What is the value of 2 + -3 + -1 + 31 + (-9 - -12) + 2?
34
Evaluate 1 + (-11 - -37) + -13 + -45.
-31
Evaluate (4 - 37) + (-77 - -91 - (0 - -5)).
-24
What is 2 + (-9 + (-2 - 1) - 27)?
-37
Evaluate (77 - 67 - (-1 - 4 - (2 - 0))) + 0.
17
What is 35 - -12 - ((-7 + (6 - 2) - -2) + 12)?
36
What is the value of 1 - (25 + (-13 - (8 + -26)))?
-29
-186 + 190 + -27 + -1 + 11 + -9
-22
What is the value of (-10 - -50) + -34 + 12?
18
Calculate -42 - (1 + -14 + (-19 + -2 - -31)).
-39
What is the value of (-165 + 233 - (2 + 20)) + -1 + (0 - 1)?
44
Evaluate (-12 - -1) + (39 - 32) - (3 - -1).
-8
Evaluate 36 + 44 + -125 - (31 - -3).
-79
8 - (18 + -28 - -26 - (0 - -7)) - 31
-32
What is the value of 344 + -336 + (-5 + 3 - (2 - 15))?
19
Evaluate 1192 + -1245 - (-1 - 20).
-32
(240 - 211) + -1 + 55 - 9
74
Evaluate -44 - (90 + -42 + -61).
-31
What is the value of -29 + -57 + 37 - -67?
18
Calculate 104 - (-16 + (18 - -64)).
38
Calculate -14 + -3 + 18 + -13 - (21 - 25) - 103.
-111
(4 - (0 - 44)) + (33 - (1 - -43))
37
What is (10 - 1) + -33 + 38 + -5 + 71?
80
-73 + (5 - -21) + -31
-78
Evaluate 7 + -2 - 10 - (-1 - (-7 + 6 - 51)).
-56
What is the value of -111 + 89 + (-2 - -12) + 22?
10
What is 2 + (6 - 1) - (-3529 - -3493)?
43
Calculate 17 - 35 - (-2 + -49 + 1).
32
(-10 - -9) + 20 + -52 + 28 + -3 + 0
-8
What is the value of 0 + 2 + (25 + (-3 - (85 + -21)) - -14)?
-26
Calculate 2337 - 2391 - (5 - ((-2 - -3) + 0)).
-58
Evaluate -4 + 12 + 12 + 1 + 16.
37
What is 12 + -10 - ((-1 - -6) + 2 - 14 - -4)?
5
Evaluate -2 + -10 + -5 + 21 + (48 - 24).
28
Calculate -17 - (2 + -1 + 17 + (-18 - 16 - -17)).
-18
What is (-32 - -25) + (10 + 67 - 9) + (3 - -6)?
70
Calculate 2374 + -2283 + -54 + -3.
34
Calculate -15 + -9 + 6 - (36 + -75 + 96).
-75
What is 17 + (658 + -700 - (-1 + -29))?
5
Calculate 5 - (-9 - 12 - -28) - 48.
-50
8 + -15 + -1 - -45
37
Evaluate (94 + 12 + -69 - 89) + 2 + -2.
-52
Calculate -86 + (7 - (-2 - -5)) + -187 + 177.
-92
Calculate (-8 + (20 - 8) - 15) + -1 + (4 - -67).
59
What is the value of -20 - (-25 + 41) - -34?
-2
Calculate 47 + -47 - (-7 + 2 - 46) - -10.
61
Evaluate (4 - (-1 - 1 - 2)) + 3 + -46.
-35
-16 + 10 + -54 - -44
-16
Calculate -10 - ((2 - 12) + -23 + -1 + 24).
0
What is the value of 151 + -19 + -126 + 1 + 5?
12
Evaluate -31 - 1 - 5 - (27 + 3 + -42).
-25
What is the value of (-63 - 3) + 69 + (-22 - -3)?
-16
Calculate 848 + -915 + (-2 + 0 - -3 - 6) + 13.
-59
Evaluate 23 + (27 - (-43 - -152)).
-59
What is the value of -4 + -20 + (-34 - (5 + -25) - -17)?
-21
Calculate (6 - 21) + 67 - (-4 - -2) - 2.
52
What is 100 - 34 - ((-3 - -3) + 7 - -4 - 1)?
56
Evaluate (-29 + 9 - 0) + 0 - (86 + -20).
-86
(-36 - (-30 + -7 - -35)) + -6
-40
Calculate 169 - (59 - -17) - 72.
21
What is 1 + 4 - (-1 + -2 - (-41 + 32 - -29))?
28
What is the value of 0 + -3 + (-695 - -677)?
-21
What is -49 - (63 + -40) - (-9 + 5 - 0)?
-68
What is (-18 - -10) + -13 - -30?
9
-134 + (-472 + 520 - (7 - -2))
-95
Evaluate -2 + 9 + (-17 - 4) + 203 + -290.
-101
-90 + (6 - (-80 - -30))
-34
What is (-27 - 64) + 455 + -467?
-103
What is the value of (339 - 201 - (-3 - 21)) + -40?
122
What is the value of -78 + -74 + 171 - (3 + -27 + -2)?
45
Calculate -94 + (-100 - -30 - -218).
54
8 - -6 - 2 - (25 - 42)
29
1136 + -1142 + (49 - 1)
42
Calculate -38 - (17 + (9 + 2 - 8)).
-58
13 + -7 + 1 + -68 + (-43 - -22)
-82
Calculate 36 + -14 + -50 + 73.
45
What is (2 - (1 - (-3 - -12))) + (-120 - (-14 + -23))?
-73
Evaluate (17 - (-29 + 11)) + 9 + 0.
44
What is the value of 0 + -47 + (980 - 967) - 23?
-57
What is the value of 40 + (59 - (0 + 68))?
31
-120 + 130 - (-26 - (2 + (-3 - 1)))
34
Calculate (-38 - -33) + -1 + -4 + 6 - -11.
7
What is -23 + (-15 - -30) - (2 + -1 - -8)?
-17
110 + (-198 - -74) - (1 - (-1 - 82 - 2))
-100
Evaluate (-84 - -93) + 2 + (-2 - -5 - 21) + 0.
-7
Evaluate (-13 - (-7 - 26 - -12)) + -24 + -10 + 2.
-24
Evaluate -6 + (-32 - 2) - (8 - 2).
-46
-6 + 33 - (105 - 61) - -6
-11
-39 - (-11 + 5 + (15 - 1) + -8)
-39
Calculate -66 + 53 + -49 + 12.
-50
What is (-88 + 72 - (-14 + (4 - 8))) + 1 + 27?
30
What is -3 + 2 + (-2 + 2 + -2 - (-1426 - -1429))?
-6
What is the value of (-171 - -23) + (-20 - -189)?
21
Evaluate 7 + -53 + (16 - 21).
-51
-396 - -321 - (10 + -1 - -6)
-90
Calculate (26 - -60) + 27 - 29.
84
(4435 - 4286) + (-121 - -3)
31
Evaluate 1 + -6 + (-65 + 60 + 1 + -17 - -10).
-16
-9 + 31 + 7 + (-16 - (1 - 6) - 3)
15
What is the value of 1 + 9 - 0 - ((-89 - -94) + 18 + -1)?
-12
(3 + 3 - (-4 - -3 - -1)) + -20 + -12
-26
-5 + (9 - 38) + 42
8
What is (7 + -10 + -29 - -8) + -30 + 18 + 12?
-24
Calculate (-44 - 55) + 36 - (-1 - -16) - 17.
-95
-27 - (1 + -26 + 16 + -18)
0
Evaluate (2 - 22) + -3 + (1460 - 1511).
-74
What is the value of (-44 - (30 - -20 - 94)) + 102?
102
Calculate (1577 - 1583) + 2 + -1 + -12.
-17
Evaluate -25 - (-41 + -1 + -5 - 83).
105
What is the value of -3 + (9 - 5 - -6) + (3 - -14)?
24
What is (50 - 34 - (16 - (3 + -9))) + -13?
-19
What is 4 + ((9 - -17) + -29 - 47)?
-46
Evaluate (-428 - -433) + -40 + 5 + -8.
-38
What is (8 - 135) + 7 + (-8 - -12 - 10) + 5?
-121
What is 51 + -11 + (-16 - 6)?
18
What is -26 + 90 + -78 + -6?
-20
Evaluate -18 - -22 - -6 - (-106 - -226).
-110
207 - (-123 + 421) - (2 + 16 - -2)
-111
